{"version":"1.0","provider_name":"Wheelchair Basketball Canada","provider_url":"https:\/\/www.wheelchairbasketball.ca\/fr\/","title":"La Coupe des Am\u00e9riques 2017 - Wheelchair Basketball Canada","type":"rich","width":600,"height":338,"html":"<blockquote class=\"wp-embedded-content\" data-secret=\"dbxpHALknA\"><a href=\"https:\/\/www.wheelchairbasketball.ca\/fr\/event\/la-coupe-des-ameriques-2017\/\">La Coupe des Am\u00e9riques 2017<\/a><\/blockquote><iframe sandbox=\"allow-scripts\" security=\"restricted\" src=\"https:\/\/www.wheelchairbasketball.ca\/fr\/event\/la-coupe-des-ameriques-2017\/embed\/#?secret=dbxpHALknA\" width=\"600\" height=\"338\" title=\"\u00ab\u00a0La Coupe des Am\u00e9riques 2017\u00a0\u00bb &#8212; Wheelchair Basketball Canada\" data-secret=\"dbxpHALknA\" frameborder=\"0\" marginwidth=\"0\" marginheight=\"0\" scrolling=\"no\" class=\"wp-embedded-content\"><\/iframe><script type=\"text\/javascript\">\n\/* <![CDATA[ *\/\n\/*! This file is auto-generated *\/\n!function(d,l){\"use strict\";l.querySelector&&d.addEventListener&&\"undefined\"!=typeof URL&&(d.wp=d.wp||{},d.wp.receiveEmbedMessage||(d.wp.receiveEmbedMessage=function(e){var t=e.data;if((t||t.secret||t.message||t.value)&&!\/[^a-zA-Z0-9]\/.test(t.secret)){for(var s,r,n,a=l.querySelectorAll('iframe[data-secret=\"'+t.secret+'\"]'),o=l.querySelectorAll('blockquote[data-secret=\"'+t.secret+'\"]'),c=new RegExp(\"^https?:$\",\"i\"),i=0;i<o.length;i++)o[i].style.display=\"none\";for(i=0;i<a.length;i++)s=a[i],e.source===s.contentWindow&&(s.removeAttribute(\"style\"),\"height\"===t.message?(1e3<(r=parseInt(t.value,10))?r=1e3:~~r<200&&(r=200),s.height=r):\"link\"===t.message&&(r=new URL(s.getAttribute(\"src\")),n=new URL(t.value),c.test(n.protocol))&&n.host===r.host&&l.activeElement===s&&(d.top.location.href=t.value))}},d.addEventListener(\"message\",d.wp.receiveEmbedMessage,!1),l.addEventListener(\"DOMContentLoaded\",function(){for(var e,t,s=l.querySelectorAll(\"iframe.wp-embedded-content\"),r=0;r<s.length;r++)(t=(e=s[r]).getAttribute(\"data-secret\"))||(t=Math.random().toString(36).substring(2,12),e.src+=\"#?secret=\"+t,e.setAttribute(\"data-secret\",t)),e.contentWindow.postMessage({message:\"ready\",secret:t},\"*\")},!1)))}(window,document);\n\/* ]]> *\/\n<\/script>\n","thumbnail_url":"https:\/\/www.wheelchairbasketball.ca\/wp-content\/uploads\/2017\/07\/AmericasCup17-feature.jpg","thumbnail_width":1400,"thumbnail_height":600,"description":"La Coupe des Am\u00e9riques 2017 La Coupe des Am\u00e9riques 2017 aura lieu \u00e0 Cali, en Colombie, et sera organis\u00e9e par la FEDESIR, la F\u00e9d\u00e9ation colombienne des sports pour les personnes ayant un handicap physique. La Coupe des Am\u00e9riques aura lieu du 23 au 30 ao\u00fbt 2017. Les 10 meilleures \u00e9quipes masculines et les cinq meilleures [&hellip;]"}

La Coupe des Amériques 2017 - Wheelchair Basketball Canada

<blockquote class="wp-embedded-content" data-secret="dbxpHALknA"><a href="https://www.wheelchairbasketball.ca/fr/event/la-coupe-des-ameriques-2017/">La Coupe des Amériques 2017</a></blockquote><iframe sandbox="allow-scripts" security="restricted" src="https://www.wheelchairbasketball.ca/fr/event/la-coupe-des-ameriques-2017/embed/#?secret=dbxpHALknA" width="600" height="338" title="« La Coupe des Amériques 2017 » &#8212; Wheelchair Basketball Canada" data-secret="dbxpHALknA" frameborder="0" marginwidth="0" marginheight="0" scrolling="no" class="wp-embedded-content"></iframe><script type="text/javascript">
/* <![CDATA[ */
/*! This file is auto-generated */
!function(d,l){"use strict";l.querySelector&&d.addEventListener&&"undefined"!=typeof URL&&(d.wp=d.wp||{},d.wp.receiveEmbedMessage||(d.wp.receiveEmbedMessage=function(e){var t=e.data;if((t||t.secret||t.message||t.value)&&!/[^a-zA-Z0-9]/.test(t.secret)){for(var s,r,n,a=l.querySelectorAll('iframe[data-secret="'+t.secret+'"]'),o=l.querySelectorAll('blockquote[data-secret="'+t.secret+'"]'),c=new RegExp("^https?:$","i"),i=0;i<o.length;i++)o[i].style.display="none";for(i=0;i<a.length;i++)s=a[i],e.source===s.contentWindow&&(s.removeAttribute("style"),"height"===t.message?(1e3<(r=parseInt(t.value,10))?r=1e3:~~r<200&&(r=200),s.height=r):"link"===t.message&&(r=new URL(s.getAttribute("src")),n=new URL(t.value),c.test(n.protocol))&&n.host===r.host&&l.activeElement===s&&(d.top.location.href=t.value))}},d.addEventListener("message",d.wp.receiveEmbedMessage,!1),l.addEventListener("DOMContentLoaded",function(){for(var e,t,s=l.querySelectorAll("iframe.wp-embedded-content"),r=0;r<s.length;r++)(t=(e=s[r]).getAttribute("data-secret"))||(t=Math.random().toString(36).substring(2,12),e.src+="#?secret="+t,e.setAttribute("data-secret",t)),e.contentWindow.postMessage({message:"ready",secret:t},"*")},!1)))}(window,document);
/* ]]> */
</script>

La Coupe des Amériques 2017 La Coupe des Amériques 2017 aura lieu à Cali, en Colombie, et sera organisée par la FEDESIR, la Fédéation colombienne des sports pour les personnes ayant un handicap physique. La Coupe des Amériques aura lieu du 23 au 30 août 2017. Les 10 meilleures équipes masculines et les cinq meilleures [&hellip;]
