{"version":"1.0","provider_name":"Wheelchair Basketball Canada","provider_url":"https:\/\/www.wheelchairbasketball.ca\/fr\/","title":"la Coupe du monde D\u00e9fi Mitsubishi Electric - Wheelchair Basketball Canada","type":"rich","width":600,"height":338,"html":"<blockquote class=\"wp-embedded-content\" data-secret=\"fQExhmytFP\"><a href=\"https:\/\/www.wheelchairbasketball.ca\/fr\/event\/mitsubishi-electric-world-challenge-cup-2\/\">la Coupe du monde D\u00e9fi Mitsubishi Electric<\/a><\/blockquote><iframe sandbox=\"allow-scripts\" security=\"restricted\" src=\"https:\/\/www.wheelchairbasketball.ca\/fr\/event\/mitsubishi-electric-world-challenge-cup-2\/embed\/#?secret=fQExhmytFP\" width=\"600\" height=\"338\" title=\"\u00ab\u00a0la Coupe du monde D\u00e9fi Mitsubishi Electric\u00a0\u00bb &#8212; Wheelchair Basketball Canada\" data-secret=\"fQExhmytFP\" frameborder=\"0\" marginwidth=\"0\" marginheight=\"0\" scrolling=\"no\" class=\"wp-embedded-content\"><\/iframe><script type=\"text\/javascript\">\n\/* <![CDATA[ *\/\n\/*! This file is auto-generated *\/\n!function(d,l){\"use strict\";l.querySelector&&d.addEventListener&&\"undefined\"!=typeof URL&&(d.wp=d.wp||{},d.wp.receiveEmbedMessage||(d.wp.receiveEmbedMessage=function(e){var t=e.data;if((t||t.secret||t.message||t.value)&&!\/[^a-zA-Z0-9]\/.test(t.secret)){for(var s,r,n,a=l.querySelectorAll('iframe[data-secret=\"'+t.secret+'\"]'),o=l.querySelectorAll('blockquote[data-secret=\"'+t.secret+'\"]'),c=new RegExp(\"^https?:$\",\"i\"),i=0;i<o.length;i++)o[i].style.display=\"none\";for(i=0;i<a.length;i++)s=a[i],e.source===s.contentWindow&&(s.removeAttribute(\"style\"),\"height\"===t.message?(1e3<(r=parseInt(t.value,10))?r=1e3:~~r<200&&(r=200),s.height=r):\"link\"===t.message&&(r=new URL(s.getAttribute(\"src\")),n=new URL(t.value),c.test(n.protocol))&&n.host===r.host&&l.activeElement===s&&(d.top.location.href=t.value))}},d.addEventListener(\"message\",d.wp.receiveEmbedMessage,!1),l.addEventListener(\"DOMContentLoaded\",function(){for(var e,t,s=l.querySelectorAll(\"iframe.wp-embedded-content\"),r=0;r<s.length;r++)(t=(e=s[r]).getAttribute(\"data-secret\"))||(t=Math.random().toString(36).substring(2,12),e.src+=\"#?secret=\"+t,e.setAttribute(\"data-secret\",t)),e.contentWindow.postMessage({message:\"ready\",secret:t},\"*\")},!1)))}(window,document);\n\/* ]]> *\/\n<\/script>\n","thumbnail_url":"https:\/\/www.wheelchairbasketball.ca\/wp-content\/uploads\/2018\/05\/TEAM-PHOTO-4-1024x633.jpg","thumbnail_width":1024,"thumbnail_height":633,"description":"L\u2019\u00e9quipe nationale masculine senior amorcera son entra\u00eenement estival de 2018, en vue du Championnat du monde de basketball en fauteuil roulant, en participant \u00e0 la Coupe du monde D\u00e9fi Mitsubishi Electric, \u00e0 Tokyo, au Japon, du 8 au 10 juin 2018. L\u2019\u00e9quipe concourra contre h\u00f4te, le Japon, l\u2019h\u00f4te du Championnat du monde, l\u2019Allemagne, et l\u2019Australie."}

la Coupe du monde Défi Mitsubishi Electric - Wheelchair Basketball Canada

<blockquote class="wp-embedded-content" data-secret="fQExhmytFP"><a href="https://www.wheelchairbasketball.ca/fr/event/mitsubishi-electric-world-challenge-cup-2/">la Coupe du monde Défi Mitsubishi Electric</a></blockquote><iframe sandbox="allow-scripts" security="restricted" src="https://www.wheelchairbasketball.ca/fr/event/mitsubishi-electric-world-challenge-cup-2/embed/#?secret=fQExhmytFP" width="600" height="338" title="« la Coupe du monde Défi Mitsubishi Electric » &#8212; Wheelchair Basketball Canada" data-secret="fQExhmytFP" frameborder="0" marginwidth="0" marginheight="0" scrolling="no" class="wp-embedded-content"></iframe><script type="text/javascript">
/* <![CDATA[ */
/*! This file is auto-generated */
!function(d,l){"use strict";l.querySelector&&d.addEventListener&&"undefined"!=typeof URL&&(d.wp=d.wp||{},d.wp.receiveEmbedMessage||(d.wp.receiveEmbedMessage=function(e){var t=e.data;if((t||t.secret||t.message||t.value)&&!/[^a-zA-Z0-9]/.test(t.secret)){for(var s,r,n,a=l.querySelectorAll('iframe[data-secret="'+t.secret+'"]'),o=l.querySelectorAll('blockquote[data-secret="'+t.secret+'"]'),c=new RegExp("^https?:$","i"),i=0;i<o.length;i++)o[i].style.display="none";for(i=0;i<a.length;i++)s=a[i],e.source===s.contentWindow&&(s.removeAttribute("style"),"height"===t.message?(1e3<(r=parseInt(t.value,10))?r=1e3:~~r<200&&(r=200),s.height=r):"link"===t.message&&(r=new URL(s.getAttribute("src")),n=new URL(t.value),c.test(n.protocol))&&n.host===r.host&&l.activeElement===s&&(d.top.location.href=t.value))}},d.addEventListener("message",d.wp.receiveEmbedMessage,!1),l.addEventListener("DOMContentLoaded",function(){for(var e,t,s=l.querySelectorAll("iframe.wp-embedded-content"),r=0;r<s.length;r++)(t=(e=s[r]).getAttribute("data-secret"))||(t=Math.random().toString(36).substring(2,12),e.src+="#?secret="+t,e.setAttribute("data-secret",t)),e.contentWindow.postMessage({message:"ready",secret:t},"*")},!1)))}(window,document);
/* ]]> */
</script>

L’équipe nationale masculine senior amorcera son entraînement estival de 2018, en vue du Championnat du monde de basketball en fauteuil roulant, en participant à la Coupe du monde Défi Mitsubishi Electric, à Tokyo, au Japon, du 8 au 10 juin 2018. L’équipe concourra contre hôte, le Japon, l’hôte du Championnat du monde, l’Allemagne, et l’Australie.
