{"version":"1.0","provider_name":"Wheelchair Basketball Canada","provider_url":"https:\/\/www.wheelchairbasketball.ca\/fr\/","title":"Mon parcours : Reed De\u2019Aeth - Wheelchair Basketball Canada","type":"rich","width":600,"height":338,"html":"<blockquote class=\"wp-embedded-content\" data-secret=\"RRFGeHZ8pi\"><a href=\"https:\/\/www.wheelchairbasketball.ca\/fr\/news_press\/mon-parcours-reed-deaeth\/\">Mon parcours : Reed De\u2019Aeth<\/a><\/blockquote><iframe sandbox=\"allow-scripts\" security=\"restricted\" src=\"https:\/\/www.wheelchairbasketball.ca\/fr\/news_press\/mon-parcours-reed-deaeth\/embed\/#?secret=RRFGeHZ8pi\" width=\"600\" height=\"338\" title=\"\u00ab\u00a0Mon parcours : Reed De\u2019Aeth\u00a0\u00bb &#8212; Wheelchair Basketball Canada\" data-secret=\"RRFGeHZ8pi\" frameborder=\"0\" marginwidth=\"0\" marginheight=\"0\" scrolling=\"no\" class=\"wp-embedded-content\"><\/iframe><script type=\"text\/javascript\">\n\/* <![CDATA[ *\/\n\/*! This file is auto-generated *\/\n!function(d,l){\"use strict\";l.querySelector&&d.addEventListener&&\"undefined\"!=typeof URL&&(d.wp=d.wp||{},d.wp.receiveEmbedMessage||(d.wp.receiveEmbedMessage=function(e){var t=e.data;if((t||t.secret||t.message||t.value)&&!\/[^a-zA-Z0-9]\/.test(t.secret)){for(var s,r,n,a=l.querySelectorAll('iframe[data-secret=\"'+t.secret+'\"]'),o=l.querySelectorAll('blockquote[data-secret=\"'+t.secret+'\"]'),c=new RegExp(\"^https?:$\",\"i\"),i=0;i<o.length;i++)o[i].style.display=\"none\";for(i=0;i<a.length;i++)s=a[i],e.source===s.contentWindow&&(s.removeAttribute(\"style\"),\"height\"===t.message?(1e3<(r=parseInt(t.value,10))?r=1e3:~~r<200&&(r=200),s.height=r):\"link\"===t.message&&(r=new URL(s.getAttribute(\"src\")),n=new URL(t.value),c.test(n.protocol))&&n.host===r.host&&l.activeElement===s&&(d.top.location.href=t.value))}},d.addEventListener(\"message\",d.wp.receiveEmbedMessage,!1),l.addEventListener(\"DOMContentLoaded\",function(){for(var e,t,s=l.querySelectorAll(\"iframe.wp-embedded-content\"),r=0;r<s.length;r++)(t=(e=s[r]).getAttribute(\"data-secret\"))||(t=Math.random().toString(36).substring(2,12),e.src+=\"#?secret=\"+t,e.setAttribute(\"data-secret\",t)),e.contentWindow.postMessage({message:\"ready\",secret:t},\"*\")},!1)))}(window,document);\n\/* ]]> *\/\n<\/script>\n","description":"Reed parle de son parcours, de son enfance \u00e0 Sherwood Park, de sa d\u00e9couverte du basketball en fauteuil roulant et de son exp\u00e9rience au Championnat du monde, dans l\u2019\u00e9dition de ce mois-ci de Profil d\u2019athl\u00e8te, pr\u00e9sent\u00e9 par Toyota Je suis n\u00e9 \u00e0 Red Deer, j\u2019ai v\u00e9cu \u00e0 Blackfalds pendant les deux premi\u00e8res ann\u00e9es, puis j\u2019ai [&hellip;]","thumbnail_url":"https:\/\/www.wheelchairbasketball.ca\/wp-content\/uploads\/2023\/08\/IMG_7612-920x472-2.jpg"}

Reed parle de son parcours, de son enfance à Sherwood Park, de sa découverte du basketball en fauteuil roulant et de son expérience au Championnat du monde, dans l’édition de ce mois-ci de Profil d’athlète, présenté par Toyota Je suis né à Red Deer, j’ai vécu à Blackfalds pendant les deux premières années, puis j’ai [&hellip;]
