{"version":"1.0","provider_name":"Wheelchair Basketball Canada","provider_url":"https:\/\/www.wheelchairbasketball.ca\/fr\/","title":"Porter la feuille d\u2019\u00e9rable : Tara Llanes - Wheelchair Basketball Canada","type":"rich","width":600,"height":338,"html":"<blockquote class=\"wp-embedded-content\" data-secret=\"Ev7LmbYZwJ\"><a href=\"https:\/\/www.wheelchairbasketball.ca\/fr\/news_press\/porter-la-feuille-derable-tara-llanes\/\">Porter la feuille d\u2019\u00e9rable : Tara Llanes<\/a><\/blockquote><iframe sandbox=\"allow-scripts\" security=\"restricted\" src=\"https:\/\/www.wheelchairbasketball.ca\/fr\/news_press\/porter-la-feuille-derable-tara-llanes\/embed\/#?secret=Ev7LmbYZwJ\" width=\"600\" height=\"338\" title=\"\u00ab\u00a0Porter la feuille d\u2019\u00e9rable : Tara Llanes\u00a0\u00bb &#8212; Wheelchair Basketball Canada\" data-secret=\"Ev7LmbYZwJ\" frameborder=\"0\" marginwidth=\"0\" marginheight=\"0\" scrolling=\"no\" class=\"wp-embedded-content\"><\/iframe><script type=\"text\/javascript\">\n\/* <![CDATA[ *\/\n\/*! This file is auto-generated *\/\n!function(d,l){\"use strict\";l.querySelector&&d.addEventListener&&\"undefined\"!=typeof URL&&(d.wp=d.wp||{},d.wp.receiveEmbedMessage||(d.wp.receiveEmbedMessage=function(e){var t=e.data;if((t||t.secret||t.message||t.value)&&!\/[^a-zA-Z0-9]\/.test(t.secret)){for(var s,r,n,a=l.querySelectorAll('iframe[data-secret=\"'+t.secret+'\"]'),o=l.querySelectorAll('blockquote[data-secret=\"'+t.secret+'\"]'),c=new RegExp(\"^https?:$\",\"i\"),i=0;i<o.length;i++)o[i].style.display=\"none\";for(i=0;i<a.length;i++)s=a[i],e.source===s.contentWindow&&(s.removeAttribute(\"style\"),\"height\"===t.message?(1e3<(r=parseInt(t.value,10))?r=1e3:~~r<200&&(r=200),s.height=r):\"link\"===t.message&&(r=new URL(s.getAttribute(\"src\")),n=new URL(t.value),c.test(n.protocol))&&n.host===r.host&&l.activeElement===s&&(d.top.location.href=t.value))}},d.addEventListener(\"message\",d.wp.receiveEmbedMessage,!1),l.addEventListener(\"DOMContentLoaded\",function(){for(var e,t,s=l.querySelectorAll(\"iframe.wp-embedded-content\"),r=0;r<s.length;r++)(t=(e=s[r]).getAttribute(\"data-secret\"))||(t=Math.random().toString(36).substring(2,12),e.src+=\"#?secret=\"+t,e.setAttribute(\"data-secret\",t)),e.contentWindow.postMessage({message:\"ready\",secret:t},\"*\")},!1)))}(window,document);\n\/* ]]> *\/\n<\/script>\n","description":"Repr\u00e9senter le Canada \u00e0 l&rsquo;\u00e9chelon international, comme membre de l\u2019\u00e9quipe nationale f\u00e9minine senior, lui fait chaud au c\u0153ur Pour Tara Llanes, le r\u00eave de concourir dans un sport de haute performance et de porter les couleurs du pays a commenc\u00e9 \u00e0 un jeune \u00e2ge. Originaire de West Covina, en Californie, elle n&rsquo;avait que huit ans [&hellip;]","thumbnail_url":"https:\/\/www.wheelchairbasketball.ca\/wp-content\/uploads\/2024\/03\/PS_833936-920x472-1.jpg"}

Porter la feuille d’érable : Tara Llanes - Wheelchair Basketball Canada

<blockquote class="wp-embedded-content" data-secret="Ev7LmbYZwJ"><a href="https://www.wheelchairbasketball.ca/fr/news_press/porter-la-feuille-derable-tara-llanes/">Porter la feuille d’érable : Tara Llanes</a></blockquote><iframe sandbox="allow-scripts" security="restricted" src="https://www.wheelchairbasketball.ca/fr/news_press/porter-la-feuille-derable-tara-llanes/embed/#?secret=Ev7LmbYZwJ" width="600" height="338" title="« Porter la feuille d’érable : Tara Llanes » &#8212; Wheelchair Basketball Canada" data-secret="Ev7LmbYZwJ" frameborder="0" marginwidth="0" marginheight="0" scrolling="no" class="wp-embedded-content"></iframe><script type="text/javascript">
/* <![CDATA[ */
/*! This file is auto-generated */
!function(d,l){"use strict";l.querySelector&&d.addEventListener&&"undefined"!=typeof URL&&(d.wp=d.wp||{},d.wp.receiveEmbedMessage||(d.wp.receiveEmbedMessage=function(e){var t=e.data;if((t||t.secret||t.message||t.value)&&!/[^a-zA-Z0-9]/.test(t.secret)){for(var s,r,n,a=l.querySelectorAll('iframe[data-secret="'+t.secret+'"]'),o=l.querySelectorAll('blockquote[data-secret="'+t.secret+'"]'),c=new RegExp("^https?:$","i"),i=0;i<o.length;i++)o[i].style.display="none";for(i=0;i<a.length;i++)s=a[i],e.source===s.contentWindow&&(s.removeAttribute("style"),"height"===t.message?(1e3<(r=parseInt(t.value,10))?r=1e3:~~r<200&&(r=200),s.height=r):"link"===t.message&&(r=new URL(s.getAttribute("src")),n=new URL(t.value),c.test(n.protocol))&&n.host===r.host&&l.activeElement===s&&(d.top.location.href=t.value))}},d.addEventListener("message",d.wp.receiveEmbedMessage,!1),l.addEventListener("DOMContentLoaded",function(){for(var e,t,s=l.querySelectorAll("iframe.wp-embedded-content"),r=0;r<s.length;r++)(t=(e=s[r]).getAttribute("data-secret"))||(t=Math.random().toString(36).substring(2,12),e.src+="#?secret="+t,e.setAttribute("data-secret",t)),e.contentWindow.postMessage({message:"ready",secret:t},"*")},!1)))}(window,document);
/* ]]> */
</script>

Représenter le Canada à l&rsquo;échelon international, comme membre de l’équipe nationale féminine senior, lui fait chaud au cœur Pour Tara Llanes, le rêve de concourir dans un sport de haute performance et de porter les couleurs du pays a commencé à un jeune âge. Originaire de West Covina, en Californie, elle n&rsquo;avait que huit ans [&hellip;]
