{"version":"1.0","provider_name":"Wheelchair Basketball Canada","provider_url":"https:\/\/www.wheelchairbasketball.ca\/fr\/","title":"Marni Abbott - Wheelchair Basketball Canada","type":"rich","width":600,"height":338,"html":"<blockquote class=\"wp-embedded-content\" data-secret=\"164z6YwyRS\"><a href=\"https:\/\/www.wheelchairbasketball.ca\/fr\/team_staff\/marni-abbott-peter\/\">Marni Abbott<\/a><\/blockquote><iframe sandbox=\"allow-scripts\" security=\"restricted\" src=\"https:\/\/www.wheelchairbasketball.ca\/fr\/team_staff\/marni-abbott-peter\/embed\/#?secret=164z6YwyRS\" width=\"600\" height=\"338\" title=\"\u00ab\u00a0Marni Abbott\u00a0\u00bb &#8212; Wheelchair Basketball Canada\" data-secret=\"164z6YwyRS\" frameborder=\"0\" marginwidth=\"0\" marginheight=\"0\" scrolling=\"no\" class=\"wp-embedded-content\"><\/iframe><script type=\"text\/javascript\">\n\/* <![CDATA[ *\/\n\/*! This file is auto-generated *\/\n!function(d,l){\"use strict\";l.querySelector&&d.addEventListener&&\"undefined\"!=typeof URL&&(d.wp=d.wp||{},d.wp.receiveEmbedMessage||(d.wp.receiveEmbedMessage=function(e){var t=e.data;if((t||t.secret||t.message||t.value)&&!\/[^a-zA-Z0-9]\/.test(t.secret)){for(var s,r,n,a=l.querySelectorAll('iframe[data-secret=\"'+t.secret+'\"]'),o=l.querySelectorAll('blockquote[data-secret=\"'+t.secret+'\"]'),c=new RegExp(\"^https?:$\",\"i\"),i=0;i<o.length;i++)o[i].style.display=\"none\";for(i=0;i<a.length;i++)s=a[i],e.source===s.contentWindow&&(s.removeAttribute(\"style\"),\"height\"===t.message?(1e3<(r=parseInt(t.value,10))?r=1e3:~~r<200&&(r=200),s.height=r):\"link\"===t.message&&(r=new URL(s.getAttribute(\"src\")),n=new URL(t.value),c.test(n.protocol))&&n.host===r.host&&l.activeElement===s&&(d.top.location.href=t.value))}},d.addEventListener(\"message\",d.wp.receiveEmbedMessage,!1),l.addEventListener(\"DOMContentLoaded\",function(){for(var e,t,s=l.querySelectorAll(\"iframe.wp-embedded-content\"),r=0;r<s.length;r++)(t=(e=s[r]).getAttribute(\"data-secret\"))||(t=Math.random().toString(36).substring(2,12),e.src+=\"#?secret=\"+t,e.setAttribute(\"data-secret\",t)),e.contentWindow.postMessage({message:\"ready\",secret:t},\"*\")},!1)))}(window,document);\n\/* ]]> *\/\n<\/script>\n","description":"Biographie En avril 2023, Marni Abbott a \u00e9t\u00e9 nomm\u00e9e entra\u00eeneure en chef de l\u2019\u00e9quipe nationale f\u00e9minine senior. Elle apporte une vaste exp\u00e9rience en tant qu\u2019entra\u00eeneure \u00e0 l\u2019\u00e9quipe nationale f\u00e9minine senior. En 2022, Marni \u00e9tait entra\u00eeneure adjointe de cette \u00e9quipe. De plus, elle a \u00e9t\u00e9 entra\u00eeneure adjointe de l\u2019\u00e9quipe f\u00e9minine des moins de 25 ans, en [&hellip;]"}

Biographie En avril 2023, Marni Abbott a été nommée entraîneure en chef de l’équipe nationale féminine senior. Elle apporte une vaste expérience en tant qu’entraîneure à l’équipe nationale féminine senior. En 2022, Marni était entraîneure adjointe de cette équipe. De plus, elle a été entraîneure adjointe de l’équipe féminine des moins de 25 ans, en [&hellip;]
